
What is the tens digit of 34286?
8
What is the hundred thousands digit of 26321830?
3
What is the hundred thousands digit of 722321?
7
What is the hundred thousands digit of 420880?
4
What is the hundred thousands digit of 2208687?
2
What is the thousands digit of 14434533?
4
What is the tens digit of 371186?
8
What is the tens digit of 2469028?
2
What is the thousands digit of 14561136?
1
What is the hundreds digit of 6049749?
7
What is the hundred thousands digit of 1334958?
3
What is the ten thousands digit of 168918?
6
What is the hundred thousands digit of 707598?
7
What is the thousands digit of 16410727?
0
What is the millions digit of 1544413?
1
What is the units digit of 14719604?
4
What is the hundreds digit of 8332624?
6
What is the millions digit of 2209821?
2
What is the units digit of 236834?
4
What is the ten thousands digit of 231004?
3
What is the hundreds digit of 137328?
3
What is the thousands digit of 216057?
6
What is the hundred thousands digit of 125879?
1
What is the millions digit of 1279950?
1
What is the hundred thousands digit of 9216109?
2
What is the tens digit of 1128841?
4
What is the ten thousands digit of 2354577?
5
What is the thousands digit of 2910597?
0
What is the millions digit of 2362355?
2
What is the tens digit of 1122688?
8
What is the units digit of 1415341?
1
What is the hundreds digit of 222648?
6
What is the units digit of 292455?
5
What is the units digit of 29644415?
5
What is the millions digit of 16303600?
6
What is the units digit of 1007522?
2
What is the hundreds digit of 273981?
9
What is the hundred thousands digit of 1551666?
5
What is the thousands digit of 44125?
4
What is the hundred thousands digit of 22721447?
7
What is the tens digit of 202300?
0
What is the hundreds digit of 2244978?
9
What is the hundreds digit of 1242129?
1
What is the tens digit of 190874?
7
What is the millions digit of 13404295?
3
What is the thousands digit of 110631?
0
What is the tens digit of 4534591?
9
What is the ten thousands digit of 577922?
7
What is the hundred thousands digit of 1217844?
2
What is the tens digit of 584020?
2
What is the thousands digit of 318655?
8
What is the tens digit of 11572217?
1
What is the thousands digit of 1514265?
4
What is the units digit of 8954206?
6
What is the hundreds digit of 4625962?
9
What is the thousands digit of 61034?
1
What is the hundreds digit of 1657229?
2
What is the hundreds digit of 382986?
9
What is the tens digit of 11784855?
5
What is the units digit of 6911886?
6
What is the units digit of 139964?
4
What is the millions digit of 1756676?
1
What is the ten thousands digit of 166960?
6
What is the units digit of 477739?
9
What is the units digit of 19163432?
2
What is the units digit of 1426183?
3
What is the units digit of 885277?
7
What is the millions digit of 2197918?
2
What is the tens digit of 8424238?
3
What is the hundred thousands digit of 12361262?
3
What is the tens digit of 1565618?
1
What is the millions digit of 1023448?
1
What is the tens digit of 1498933?
3
What is the thousands digit of 2306530?
6
What is the hundred thousands digit of 9350716?
3
What is the ten thousands digit of 424766?
2
What is the units digit of 3771164?
4
What is the ten thousands digit of 122121?
2
What is the thousands digit of 611025?
1
What is the tens digit of 986254?
5
What is the thousands digit of 699944?
9
What is the units digit of 283474?
4
What is the hundred thousands digit of 209613?
2
What is the thousands digit of 988304?
8
What is the units digit of 454432?
2
What is the units digit of 728705?
5
What is the hundreds digit of 102728?
7
What is the thousands digit of 2770319?
0
What is the ten thousands digit of 786692?
8
What is the hundred thousands digit of 271753?
2
What is the hundred thousands digit of 8702808?
7
What is the tens digit of 5421?
2
What is the millions digit of 14036395?
4
What is the units digit of 6710174?
4
What is the ten thousands digit of 3186411?
8
What is the tens digit of 1299365?
6
What is the units digit of 5376940?
0
What is the millions digit of 5929048?
5
What is the ten millions digit of 35530217?
3
What is the ten thousands digit of 140795?
4
What is the tens digit of 752685?
8
What is the tens digit of 1639806?
0
What is the thousands digit of 4380485?
0
What is the thousands digit of 4403346?
3
What is the thousands digit of 5566919?
6
What is the hundred thousands digit of 2228327?
2
What is the thousands digit of 168723?
8
What is the units digit of 600505?
5
What is the hundreds digit of 349170?
1
What is the hundred thousands digit of 248568?
2
What is the thousands digit of 620388?
0
What is the hundred thousands digit of 1854144?
8
What is the hundreds digit of 9137610?
6
What is the hundred thousands digit of 428514?
4
What is the units digit of 7433251?
1
What is the tens digit of 50074?
7
What is the hundreds digit of 561374?
3
What is the ten millions digit of 23157746?
2
What is the thousands digit of 392859?
2
What is the units digit of 424789?
9
What is the thousands digit of 7039743?
9
What is the hundreds digit of 181854?
8
What is the hundreds digit of 6661973?
9
What is the ten thousands digit of 269881?
6
What is the millions digit of 2522786?
2
What is the tens digit of 153425?
2
What is the tens digit of 7982314?
1
What is the ten thousands digit of 537164?
3
What is the units digit of 29462312?
2
What is the thousands digit of 308303?
8
What is the thousands digit of 17432714?
2
What is the units digit of 268021?
1
What is the units digit of 5561952?
2
What is the tens digit of 3751615?
1
What is the tens digit of 32111010?
1
What is the ten thousands digit of 517740?
1
What is the thousands digit of 5148563?
8
What is the tens digit of 5349166?
6
What is the hundred thousands digit of 245366?
2
What is the hundreds digit of 109714?
7
What is the hundred thousands digit of 432040?
4
What is the units digit of 20707676?
6
What is the thousands digit of 18532196?
2
What is the tens digit of 323302?
0
What is the units digit of 3188096?
6
What is the hundreds digit of 617613?
6
What is the hundreds digit of 182637?
6
What is the units digit of 889293?
3
What is the units digit of 158386?
6
What is the hundred thousands digit of 2112975?
1
What is the units digit of 291194?
4
What is the hundreds digit of 91824?
8
What is the tens digit of 208409?
0
What is the millions digit of 13225833?
3
What is the tens digit of 19625919?
1
What is the units digit of 848696?
6
What is the tens digit of 3778380?
8
What is the units digit of 456308?
8
What is the thousands digit of 11853375?
3
What is the units digit of 10482898?
8
What is the ten millions digit of 22524082?
2
What is the ten thousands digit of 6723110?
2
What is the hundred thousands digit of 3347007?
3
What is the thousands digit of 3229273?
9
What is the hundred thousands digit of 3089712?
0
What is the units digit of 2895029?
9
What is the hundreds digit of 14542719?
7
What is the millions digit of 10446288?
0
What is the ten thousands digit of 5327367?
2
What is the hundred thousands digit of 6086862?
0
What is the units digit of 1653165?
5
What is the ten thousands digit of 9308567?
0
What is the units digit of 8616213?
3
What is the hundred thousands digit of 218841?
2
What is the thousands digit of 70991?
0
What is the hundreds digit of 9604833?
8
What is the hundred thousands digit of 884432?
8
What is the ten millions digit of 11889654?
1
What is the tens digit of 25777250?
5
What is the hundred thousands digit of 530621?
5
What is the units digit of 6414691?
1
What is the thousands digit of 310155?
0
What is the thousands digit of 10943339?
3
What is the thousands digit of 1014355?
4
What is the units digit of 1016884?
4
What is the units digit of 48992?
2
What is the tens digit of 4427713?
1
What is the thousands digit of 1877649?
7
What is the hundreds digit of 508690?
6
What is the hundreds digit of 168428?
4
What is the units digit of 422831?
1
What is the thousands digit of 46333?
6
What is the thousands digit of 3740900?
0
What is the hundred thousands digit of 2988807?
9
What is the hundred thousands digit of 102747?
1
What is the millions digit of 1065672?
1
What is the ten thousands digit of 45086?
4
What is th